{"id":2522,"date":"2019-01-29T22:50:49","date_gmt":"2019-01-29T22:50:49","guid":{"rendered":"https:\/\/rosachoc.pt\/mobile\/?page_id=2522"},"modified":"2019-06-11T18:01:08","modified_gmt":"2019-06-11T18:01:08","slug":"formulario-feedback-clientes","status":"publish","type":"page","link":"https:\/\/rosachoc.pt\/mobile\/formulario-feedback-clientes\/","title":{"rendered":"Partilhe a sua experi\u00eancia"},"content":{"rendered":"<div id=\"pl-2522\"  class=\"panel-layout\" ><div id=\"pg-2522-0\"  class=\"panel-grid panel-no-style\" ><div id=\"pgc-2522-0-0\"  class=\"panel-grid-cell\" ><div id=\"panel-2522-0-0-0\" class=\"so-panel widget widget_black-studio-tinymce widget_black_studio_tinymce panel-first-child panel-last-child\" data-index=\"0\" ><div class=\"textwidget\"><h2 class=\"wsite-content-title\" style=\"text-align: left;\"><span class=\"notranslate\">Ama o que fazemos?<\/span><\/h2>\n<p>Porque os vossos feedbacks s\u00e3o sempre uma forma de inspira\u00e7\u00e3o e incentivo, divida estes momentos de alegria conosco e outros amantes de chocolate em todo o mundo.<\/p>\n<div id=\"js_4kz\" class=\"_5pbx userContent _3576\" data-testid=\"post_message\" data-ft=\"{&quot;tn&quot;:&quot;K&quot;}\">\n<p>Obrigada maravilhosos amantes do chocolate!<\/p>\n<\/div>\n<p>\u00a0<\/p>\n<\/div><\/div><\/div><div id=\"pgc-2522-0-1\"  class=\"panel-grid-cell\" ><div id=\"panel-2522-0-1-0\" class=\"so-panel widget widget_black-studio-tinymce widget_black_studio_tinymce panel-first-child panel-last-child\" data-index=\"1\" ><div class=\"textwidget\"><p><div class=\"strong-view strong-form strong-view-id-2 default-form wpmtst-default-form\" data-state=\"idle\"><div class=\"strong-form-wait\" data-formid=\"1\"><div class=\"message\"><img decoding=\"async\" src=\"https:\/\/rosachoc.pt\/mobile\/wp-content\/plugins\/strong-testimonials\/assets\/public\/svg\/spinner-solid.svg\" alt=\"Strong Testimonials form submission spinner.\"><\/div><\/div><div class=\"wpmtst-form wpmtst-form-id-1\"><div class=\"strong-form-inner\"><p class=\"required-notice\"><span class=\"required symbol\"><\/span>Required\t\t<\/p><form class=\"wpmtst-submission-form\" method=\"post\" enctype=\"multipart\/form-data\" autocomplete=\"off\" data-config=\"{&quot;scroll&quot;:{&quot;onError&quot;:true,&quot;onErrorOffset&quot;:80,&quot;onSuccess&quot;:true,&quot;onSuccessOffset&quot;:80},&quot;fields&quot;:[{&quot;name&quot;:&quot;nome_cliente&quot;,&quot;type&quot;:&quot;text&quot;,&quot;required&quot;:1},{&quot;name&quot;:&quot;email&quot;,&quot;type&quot;:&quot;email&quot;,&quot;required&quot;:1},{&quot;name&quot;:&quot;nome_empressa&quot;,&quot;type&quot;:&quot;text&quot;,&quot;required&quot;:0},{&quot;name&quot;:&quot;nome_website&quot;,&quot;type&quot;:&quot;url&quot;,&quot;required&quot;:1},{&quot;name&quot;:&quot;post_title&quot;,&quot;type&quot;:&quot;text&quot;,&quot;required&quot;:1},{&quot;name&quot;:&quot;post_content&quot;,&quot;type&quot;:&quot;textarea&quot;,&quot;required&quot;:1},{&quot;name&quot;:&quot;featured_image&quot;,&quot;type&quot;:&quot;file&quot;,&quot;required&quot;:0}]}\" data-formid = \"1\"><div style=\"display: none;\"><input type=\"hidden\" id=\"wpmtst_form_nonce\" name=\"wpmtst_form_nonce\" value=\"a490b90c4b\" \/><input type=\"hidden\" name=\"_wp_http_referer\" value=\"\/mobile\/wp-json\/wp\/v2\/pages\/2522\" \/><input type=\"hidden\" name=\"action\" value=\"wpmtst_form\"><input type=\"hidden\" name=\"form_id\" value=\"1\"><input type=\"hidden\" name=\"default_category\" value=\"\"><input type=\"hidden\" name=\"view_id\" value=\"2\"><input type=\"hidden\" name=\"category\" value=\"\"><\/div><div class=\"form-field field-nome_cliente\"><label for=\"wpmtst_nome_cliente\" class=\"field-nome_cliente\">Nome completo<\/label><span class=\"required symbol\"><\/span><input id=\"wpmtst_nome_cliente\" type=\"text\" class=\"text\" name=\"nome_cliente\"  value=\"\" placeholder=\"\"   required tabindex=\"0\"><span class=\"after\">What is your full name?<\/span><\/div><div class=\"form-field field-email\"><label for=\"wpmtst_email\" class=\"field-email\">Email<\/label><span class=\"required symbol\"><\/span><input id=\"wpmtst_email\" type=\"email\" class=\"text email\" name=\"email\"  value=\"\" placeholder=\"\"   required tabindex=\"0\"><span class=\"after\">What is your email address?<\/span><\/div><div class=\"form-field field-nome_empressa\"><label for=\"wpmtst_nome_empressa\" class=\"field-nome_empressa\">Empressa<\/label><input id=\"wpmtst_nome_empressa\" type=\"text\" class=\"text\" name=\"nome_empressa\"  value=\"\" placeholder=\"\"   tabindex=\"0\"><span class=\"after\">What is your company name?<\/span><\/div><div class=\"form-field field-nome_website\"><label for=\"wpmtst_nome_website\" class=\"field-nome_website\">Produto Rosa Choc<\/label><span class=\"required symbol\"><\/span><input id=\"wpmtst_nome_website\" type=\"url\" class=\"text url\" name=\"nome_website\"  value=\"\" placeholder=\"\"   required tabindex=\"0\"><span class=\"after\">Qual foi a delicia RosaChoc que encomendou ?<\/span><\/div><div class=\"form-field field-post_title\"><label for=\"wpmtst_post_title\" class=\"field-post_title\">T\u00edtulo para seu coment\u00e1rio<\/label><span class=\"required symbol\"><\/span><input id=\"wpmtst_post_title\" type=\"text\" class=\"text\" name=\"post_title\"  value=\"\" placeholder=\"\"   required tabindex=\"0\"><span class=\"after\">A headline for your testimonial.<\/span><\/div><div class=\"form-field field-post_content\"><label for=\"wpmtst_post_content\" class=\"field-post_content\">O seu feedback<\/label><span class=\"required symbol\"><\/span><textarea id=\"wpmtst_post_content\" name=\"post_content\" class=\"textarea\"  required placeholder=\"\"  tabindex=\"0\"><\/textarea><span class=\"after\">What do you think about us?<\/span><\/div><div class=\"form-field field-featured_image\"><label for=\"wpmtst_featured_image\" class=\"field-featured_image\">Fotografia<\/label><div class=\"field-wrap\"><input id=\"wpmtst_featured_image\" type=\"file\" name=\"featured_image\" tabindex=\"0\"><\/div><span class=\"after\">Deseja partilhar uma fotografia?<\/span><\/div><div class=\"form-field wpmtst-submit\"><label><input type=\"submit\" class=\"wpmtst_submit_testimonial\" name=\"wpmtst_submit_testimonial\" value=\"Add Testimonial\" class=\"button\" tabindex=\"0\"><\/label><\/div><\/form><\/div><\/div><\/div><\/p>\n<\/div><\/div><\/div><\/div><\/div>","protected":false},"excerpt":{"rendered":"<p>Ama o que fazemos?Porque os vossos feedbacks s\u00e3o sempre uma forma de inspira\u00e7\u00e3o e incentivo, divida estes momentos de alegria conosco e outros amantes de chocolate em todo o mundo.Obrigada maravilhosos amantes do chocolate!\u00a0<\/p>\n","protected":false},"author":1,"featured_media":0,"parent":0,"menu_order":0,"comment_status":"closed","ping_status":"closed","template":"","meta":{"_monsterinsights_skip_tracking":false,"_monsterinsights_sitenote_active":false,"_monsterinsights_sitenote_note":"","_monsterinsights_sitenote_category":0,"footnotes":""},"class_list":["post-2522","page","type-page","status-publish","hentry"],"aioseo_notices":[],"_links":{"self":[{"href":"https:\/\/rosachoc.pt\/mobile\/wp-json\/wp\/v2\/pages\/2522","targetHints":{"allow":["GET"]}}],"collection":[{"href":"https:\/\/rosachoc.pt\/mobile\/wp-json\/wp\/v2\/pages"}],"about":[{"href":"https:\/\/rosachoc.pt\/mobile\/wp-json\/wp\/v2\/types\/page"}],"author":[{"embeddable":true,"href":"https:\/\/rosachoc.pt\/mobile\/wp-json\/wp\/v2\/users\/1"}],"replies":[{"embeddable":true,"href":"https:\/\/rosachoc.pt\/mobile\/wp-json\/wp\/v2\/comments?post=2522"}],"version-history":[{"count":23,"href":"https:\/\/rosachoc.pt\/mobile\/wp-json\/wp\/v2\/pages\/2522\/revisions"}],"predecessor-version":[{"id":2527,"href":"https:\/\/rosachoc.pt\/mobile\/wp-json\/wp\/v2\/pages\/2522\/revisions\/2527"}],"wp:attachment":[{"href":"https:\/\/rosachoc.pt\/mobile\/wp-json\/wp\/v2\/media?parent=2522"}],"curies":[{"name":"wp","href":"https:\/\/api.w.org\/{rel}","templated":true}]}}