{"id":491,"date":"2014-08-28T06:39:23","date_gmt":"2014-08-28T06:39:23","guid":{"rendered":"http:\/\/themes.kadencethemes.com\/pinnacle-demo-content\/?page_id=109"},"modified":"2024-05-13T18:28:43","modified_gmt":"2024-05-13T18:28:43","slug":"contacto","status":"publish","type":"page","link":"https:\/\/rosachoc.pt\/mobile\/contacto\/","title":{"rendered":"Contacto"},"content":{"rendered":"<div id=\"pl-491\"  class=\"panel-layout\" ><div id=\"pg-491-0\"  class=\"panel-grid panel-no-style\" ><div id=\"pgc-491-0-0\"  class=\"panel-grid-cell\" ><div id=\"panel-491-0-0-0\" class=\"so-panel widget widget_sow-editor panel-first-child panel-last-child\" data-index=\"0\" ><div\n\t\t\t\n\t\t\tclass=\"so-widget-sow-editor so-widget-sow-editor-base\"\n\t\t\t\n\t\t><h3 class=\"widget-title\">Confeitaria de Chocolate<\/h3>\n<div class=\"siteorigin-widget-tinymce textwidget\">\n\t<h4>Queridos Amantes do Chocolate, Bem vindos ao nosso novo cap\u00edtulo como Just Velvet!<\/h4>\n<p>A partir de hoje poder\u00e3o usufruir dos nossos anos de experi\u00eancia em confeitaria agora com foco exclusivo em um dos sabores mais irresist\u00edveis: O Red Velvet! Seja pela nova Loja Online ou pela Loja F\u00edsica, convidamos todos os Amantes de Chocolate e Red Velvet a virem desfrutar esta linha de produtos, feita com amor e paix\u00e3o pelo sabor e toda a eleg\u00e2ncia que s\u00f3 um Red Velvet tem.<\/p>\n<p>Explore o nosso universo Just Velvet em <strong><a href=\"https:\/\/www.justvelvet.pt\">www.justvelvet.pt<\/a><\/strong> ou na Rua dos Jer\u00f3nimos 14C, Bel\u00e9m, Lisboa.<\/p>\n<h4>At\u00e9 breve!<br \/>\nPaola Giannone<\/h4>\n<p style=\"text-align: center;\">\n<h4 style=\"text-align: center;\"><strong><br \/>\n<\/strong><span style=\"color: #000000;\"><strong>+351 925 457 646<\/strong><\/span><img loading=\"lazy\" decoding=\"async\" class=\"aligncenter wp-image-1974\" src=\"https:\/\/rosachoc.pt\/mobile\/wp-content\/uploads\/2014\/08\/rosachoc-web-mail-contactopage-2018-300x64.png\" sizes=\"auto, (max-width: 300px) 100vw, 300px\" srcset=\"https:\/\/rosachoc.pt\/mobile\/wp-content\/uploads\/2014\/08\/rosachoc-web-mail-contactopage-2018-300x64.png 300w, https:\/\/rosachoc.pt\/mobile\/wp-content\/uploads\/2014\/08\/rosachoc-web-mail-contactopage-2018.png 514w\" alt=\"\" width=\"200\" height=\"43\" \/><\/h4>\n<\/p>\n<p>&nbsp;<\/p>\n<blockquote>\n<p style=\"text-align: center;\"><strong><span style=\"color: #f7c9cb;\">Para qualquer informa\u00e7\u00e3o extra por favor preencha o formul\u00e1rio e retornaremos com a maior brevidade poss\u00edvel.<\/span><\/strong><\/p>\n<\/blockquote>\n<\/div>\n<\/div><\/div><\/div><div id=\"pgc-491-0-1\"  class=\"panel-grid-cell\" ><div id=\"panel-491-0-1-0\" class=\"so-panel widget widget_sow-contact-form panel-first-child panel-last-child\" data-index=\"1\" ><div\n\t\t\t\n\t\t\tclass=\"so-widget-sow-contact-form so-widget-sow-contact-form-default-73e77ba80988-491\"\n\t\t\t\n\t\t><h3 class=\"widget-title\">Contacte-nos<\/h3>\t<form\n\t\taction=\"\/mobile\/wp-json\/wp\/v2\/pages\/491\"\n\t\tmethod=\"POST\"\n\t\tclass=\"sow-contact-form\"\n\t\tid=\"contact-form-7415\"\n\t>\n\n\t\t\n\t\t            <p><em>Os campos marcados com * s\u00e3o de preenchimento obrigat\u00f3rio<\/em><\/p>\n\t\t\t\t\t\t<div class=\"sow-form-field sow-form-field-name\">\n\t\t\t\t<label class=\"sow-form-field-label-above\" for=\"sow-contact-form-field-o-seu-nome-1\">\n\t\t\t\t<strong>\n\t\t\t\t\tO seu nome\t\t\t\t\t\t\t\t\t\t\t<span class=\"sow-form-field-required\">*<\/span>\n\t\t\t\t\t\t\t\t\t<\/strong>\n\t\t\t<\/label>\n\t\t\t\t\t\t\t<div class=\"sow-field-container\">\n\t\t\t\t\t\t\t<input\n\t\t\ttype=\"text\"\n\t\t\tname=\"o-seu-nome-1\"\n\t\t\tid=\"sow-contact-form-field-o-seu-nome-1\"\n\t\t\tvalue=\"\"\n\t\t\tclass=\"sow-text-field\"\n\t\t\t\t\t\t\t\t\/>\n\t\t\t\t\t\t<\/div>\n\t\t\t\t\t\t\t<\/div>\n\t\t\t\t\t\t<div class=\"sow-form-field sow-form-field-email\">\n\t\t\t\t<label class=\"sow-form-field-label-above\" for=\"sow-contact-form-field-o-seu-e-mail-1\">\n\t\t\t\t<strong>\n\t\t\t\t\tO seu e-mail\t\t\t\t\t\t\t\t\t\t\t<span class=\"sow-form-field-required\">*<\/span>\n\t\t\t\t\t\t\t\t\t<\/strong>\n\t\t\t<\/label>\n\t\t\t\t\t\t\t<div class=\"sow-field-container\">\n\t\t\t\t\t\t\t<input\n\t\t\ttype=\"email\"\n\t\t\tname=\"o-seu-e-mail-1\"\n\t\t\tid=\"sow-contact-form-field-o-seu-e-mail-1\"\n\t\t\tvalue=\"\"\n\t\t\tclass=\"sow-text-field\"\t\t\t\t\t\t\t\t\/>\n\t\t\t\t\t\t<\/div>\n\t\t\t\t\t\t\t<\/div>\n\t\t\t\t\t\t<div class=\"sow-form-field sow-form-field-tel\">\n\t\t\t\t<label class=\"sow-form-field-label-above\" for=\"sow-contact-form-field-contacto-telefonico-1\">\n\t\t\t\t<strong>\n\t\t\t\t\tContacto telef\u00f3nico\t\t\t\t\t\t\t\t\t\t\t<span class=\"sow-form-field-required\">*<\/span>\n\t\t\t\t\t\t\t\t\t<\/strong>\n\t\t\t<\/label>\n\t\t\t\t\t\t\t<div class=\"sow-field-container\">\n\t\t\t\t\t\t\t<input\n\t\t\ttype=\"tel\"\n\t\t\tname=\"contacto-telefonico-1\"\n\t\t\tid=\"sow-contact-form-field-contacto-telefonico-1\"\n\t\t\tvalue=\"\"\n\t\t\tclass=\"sow-text-field\"\t\t\taria-describedby=\"sow-contact-form-field-contacto-telefonico-1-description\" \t\t\t\t\t\/>\n\t\t\t\t\t\t\t\t<div\n\t\t\t\t\t\t\tclass=\"sow-form-field-description\"\n\t\t\t\t\t\t\tid=\"sow-contact-form-field-contacto-telefonico-1-description\"\n\t\t\t\t\t\t>\n\t\t\t\t\t\t\tPara um atendimento personalizado e imediato\t\t\t\t\t\t<\/div>\n\t\t\t\t\t\t\t\t\t\t<\/div>\n\t\t\t\t\t\t\t<\/div>\n\t\t\t\t\t\t<div class=\"sow-form-field sow-form-field-subject\">\n\t\t\t\t<label class=\"sow-form-field-label-above\" for=\"sow-contact-form-field-assunto-1\">\n\t\t\t\t<strong>\n\t\t\t\t\tAssunto\t\t\t\t\t\t\t\t\t\t\t<span class=\"sow-form-field-required\">*<\/span>\n\t\t\t\t\t\t\t\t\t<\/strong>\n\t\t\t<\/label>\n\t\t\t\t\t\t\t<div class=\"sow-field-container\">\n\t\t\t\t\t\t\t<input\n\t\t\ttype=\"text\"\n\t\t\tname=\"assunto-1\"\n\t\t\tid=\"sow-contact-form-field-assunto-1\"\n\t\t\tvalue=\"\"\n\t\t\tclass=\"sow-text-field\"\n\t\t\t\t\t\t\t\t\/>\n\t\t\t\t\t\t<\/div>\n\t\t\t\t\t\t\t<\/div>\n\t\t\t\t\t\t<div class=\"sow-form-field sow-form-field-textarea\">\n\t\t\t\t<label class=\"sow-form-field-label-above\" for=\"sow-contact-form-field-mensagem-1\">\n\t\t\t\t<strong>\n\t\t\t\t\tMensagem\t\t\t\t\t\t\t\t\t\t\t<span class=\"sow-form-field-required\">*<\/span>\n\t\t\t\t\t\t\t\t\t<\/strong>\n\t\t\t<\/label>\n\t\t\t\t\t\t\t<div class=\"sow-field-container\">\n\t\t\t\t\t\t\t<textarea\n\t\t\tname=\"mensagem-1\"\n\t\t\tid=\"sow-contact-form-field-mensagem-1\"\n\t\t\trows=\"10\"\n\t\t\t\t\t\t\t\t><\/textarea>\n\t\t\t\t\t\t<\/div>\n\t\t\t\t\t\t\t<\/div>\n\t\t\t\n\t\t\t\t\t<div class=\"sow-recaptcha\"\n\t\t\t\t\t\t\t\t\tdata-config=\"{&quot;sitekey&quot;:&quot;6Lcmck0bAAAAANQVc_gAb33I1P8gzna0BKDNQ1qF&quot;,&quot;theme&quot;:&quot;light&quot;,&quot;type&quot;:&quot;image&quot;,&quot;size&quot;:&quot;normal&quot;}\"\n\t\t\t\t\t\t\t><\/div>\n\t\t\t\n\t\t<div class=\"sow-submit-wrapper \n\t\t\t\t\">\n\n\t\t\t<button\n\t\t\t\ttype=\"submit\"\n\t\t\t\tclass=\"sow-submit\n\t\t\t\t\t\t\t\t\"\n\t\t\t\t\t\t\t>\n\t\t\t\tENVIAR\t\t\t<\/button>\n\t\t<\/div>\n\t\t\t\t<input\n\t\t\ttype=\"hidden\"\n\t\t\tname=\"instance_hash-1\"\n\t\t\tvalue=\"741527ce\"\n\t\t\/>\n\n\t\t<input type=\"hidden\" id=\"_wpnonce\" name=\"_wpnonce\" value=\"fb5c752521\" \/><input type=\"hidden\" name=\"_wp_http_referer\" value=\"\/mobile\/wp-json\/wp\/v2\/pages\/491\" \/>\t<\/form>\n\t<\/div><\/div><\/div><\/div><\/div>","protected":false},"excerpt":{"rendered":"<p>Queridos Amantes do Chocolate, Bem vindos ao nosso novo cap\u00edtulo como Just Velvet! A partir de hoje poder\u00e3o usufruir dos nossos anos de experi\u00eancia em confeitaria agora com foco exclusivo em um dos sabores mais irresist\u00edveis: O Red Velvet! Seja &hellip; <a href=\"https:\/\/rosachoc.pt\/mobile\/contacto\/\">Read More<\/a><\/p>\n","protected":false},"author":1,"featured_media":1974,"parent":0,"menu_order":0,"comment_status":"open","ping_status":"open","template":"template-feature.php","meta":{"_monsterinsights_skip_tracking":false,"_monsterinsights_sitenote_active":false,"_monsterinsights_sitenote_note":"","_monsterinsights_sitenote_category":0,"footnotes":""},"class_list":["post-491","page","type-page","status-publish","has-post-thumbnail","hentry"],"aioseo_notices":[],"_links":{"self":[{"href":"https:\/\/rosachoc.pt\/mobile\/wp-json\/wp\/v2\/pages\/491","targetHints":{"allow":["GET"]}}],"collection":[{"href":"https:\/\/rosachoc.pt\/mobile\/wp-json\/wp\/v2\/pages"}],"about":[{"href":"https:\/\/rosachoc.pt\/mobile\/wp-json\/wp\/v2\/types\/page"}],"author":[{"embeddable":true,"href":"https:\/\/rosachoc.pt\/mobile\/wp-json\/wp\/v2\/users\/1"}],"replies":[{"embeddable":true,"href":"https:\/\/rosachoc.pt\/mobile\/wp-json\/wp\/v2\/comments?post=491"}],"version-history":[{"count":86,"href":"https:\/\/rosachoc.pt\/mobile\/wp-json\/wp\/v2\/pages\/491\/revisions"}],"predecessor-version":[{"id":9312,"href":"https:\/\/rosachoc.pt\/mobile\/wp-json\/wp\/v2\/pages\/491\/revisions\/9312"}],"wp:featuredmedia":[{"embeddable":true,"href":"https:\/\/rosachoc.pt\/mobile\/wp-json\/wp\/v2\/media\/1974"}],"wp:attachment":[{"href":"https:\/\/rosachoc.pt\/mobile\/wp-json\/wp\/v2\/media?parent=491"}],"curies":[{"name":"wp","href":"https:\/\/api.w.org\/{rel}","templated":true}]}}