{"id":735,"date":"2022-02-28T12:00:42","date_gmt":"2022-02-28T12:00:42","guid":{"rendered":"https:\/\/rosachoc.pt\/mobile\/?post_type=product&#038;p=735"},"modified":"2025-11-13T21:14:43","modified_gmt":"2025-11-13T21:14:43","slug":"red-velvet","status":"publish","type":"product","link":"https:\/\/rosachoc.pt\/mobile\/product\/red-velvet\/","title":{"rendered":"Bolo Red Velvet"},"content":{"rendered":"<h4><strong>Levantamentos<\/strong><\/h4>\n<ul>\n<li>Somos uma loja On-Line. Disponibilizamos o LEVANTAMENTO dos seus produtos em nossa Loja f\u00edsica &#8211; JUST VELVET, Rua dos Jer\u00f3nimos 14C, 1400-211 em Bel\u00e9m, Lisboa<\/li>\n<\/ul>\n","protected":false},"excerpt":{"rendered":"<p>A nossa j\u00e1 conhecida massa de Red Velvet, fofinha e feita com chocolate belga e camadas (muitas!) da nossa receita secreta de frosting cream cheese!<\/p>\n<h4>Escolha entre os tamanhos:<\/h4>\n<ul>\n<li><strong>PEQUENO:<\/strong> \u20ac49 serve por volta de 10 fatias<\/li>\n<li><strong>M\u00c9DIO:<\/strong> \u20ac89 serve por volta de 20 fatias<\/li>\n<li><strong>GRANDE:<\/strong> \u20ac99 serve por volta de 30 fatias<\/li>\n<\/ul>\n","protected":false},"featured_media":671,"comment_status":"open","ping_status":"closed","template":"","meta":{"_monsterinsights_skip_tracking":false,"_monsterinsights_sitenote_active":false,"_monsterinsights_sitenote_note":"","_monsterinsights_sitenote_category":0},"product_brand":[],"product_cat":[229],"product_tag":[],"class_list":{"0":"post-735","1":"product","2":"type-product","3":"status-publish","4":"has-post-thumbnail","6":"product_cat-uncategorized","8":"first","9":"instock","10":"featured","11":"taxable","12":"shipping-taxable","13":"purchasable","14":"product-type-variable"},"aioseo_notices":[],"_links":{"self":[{"href":"https:\/\/rosachoc.pt\/mobile\/wp-json\/wp\/v2\/product\/735","targetHints":{"allow":["GET"]}}],"collection":[{"href":"https:\/\/rosachoc.pt\/mobile\/wp-json\/wp\/v2\/product"}],"about":[{"href":"https:\/\/rosachoc.pt\/mobile\/wp-json\/wp\/v2\/types\/product"}],"replies":[{"embeddable":true,"href":"https:\/\/rosachoc.pt\/mobile\/wp-json\/wp\/v2\/comments?post=735"}],"wp:featuredmedia":[{"embeddable":true,"href":"https:\/\/rosachoc.pt\/mobile\/wp-json\/wp\/v2\/media\/671"}],"wp:attachment":[{"href":"https:\/\/rosachoc.pt\/mobile\/wp-json\/wp\/v2\/media?parent=735"}],"wp:term":[{"taxonomy":"product_brand","embeddable":true,"href":"https:\/\/rosachoc.pt\/mobile\/wp-json\/wp\/v2\/product_brand?post=735"},{"taxonomy":"product_cat","embeddable":true,"href":"https:\/\/rosachoc.pt\/mobile\/wp-json\/wp\/v2\/product_cat?post=735"},{"taxonomy":"product_tag","embeddable":true,"href":"https:\/\/rosachoc.pt\/mobile\/wp-json\/wp\/v2\/product_tag?post=735"}],"curies":[{"name":"wp","href":"https:\/\/api.w.org\/{rel}","templated":true}]}}